{"id":12404,"date":"2015-05-05T15:34:22","date_gmt":"2015-05-05T15:34:22","guid":{"rendered":"http:\/\/sw-themes.com\/porto_dummy\/?page_id=2692"},"modified":"2015-05-05T15:34:22","modified_gmt":"2015-05-05T15:34:22","slug":"home-version-14","status":"publish","type":"page","link":"http:\/\/meccamall.jo\/english2\/home\/home-version-14\/","title":{"rendered":"Home Version 14"},"content":{"rendered":"<div class=\"vc_row wpb_row vc_row-fluid home-intro vc_custom_1443083123873\"><div class=\"porto-wrap-container container\"><div class=\"vc_row wpb_row vc_row-fluid\"><div class=\"vc_column_container vc_col-sm-8\"><div class=\"wpb_wrapper\">\n\t<div class=\"wpb_text_column wpb_content_element  m-b-none\">\n\t\t<div class=\"wpb_wrapper\">\n\t\t\t<p><strong style=\"color: #777;\">The fastest way to grow your business with the leader in <em>Technology<\/em><\/strong> Check out our options and features included.<\/p>\n\n\t\t<\/div>\n\t<\/div>\n<\/div><\/div><div class=\"get-started vc_column_container vc_col-sm-4\"><div class=\"wpb_wrapper\">    <div class=\"vc_btn3-container  m-b-none vc_btn3-inline\"><a class=\"vc_btn3 vc_btn3-shape-rounded btn btn-lg btn-primary\" href=\"#\" title=\"\" target=\"_self\">Get Started Now!<\/a><\/div>\n\t<div class=\"wpb_text_column wpb_content_element  m-b-none learn-more\">\n\t\t<div class=\"wpb_wrapper\">\n\t\t\t<p>or <a href=\"#\">learn more<\/a>.<\/p>\n\n\t\t<\/div>\n\t<\/div>\n<\/div><\/div><\/div><\/div><\/div><div class=\"vc_row wpb_row vc_row-fluid\"><div class=\"porto-wrap-container container\"><div class=\"vc_row wpb_row vc_row-fluid\"><div class=\"vc_column_container vc_col-sm-12\"><div class=\"wpb_wrapper\"><div class=\"vc_empty_space\"  style=\"height: 60px\" ><span\n\t\tclass=\"vc_empty_space_inner\"><\/span><\/div>\n<h1 class=\"uvc-type-wrap short uvc-type-align-center  uvc-wrap-176044496069d2b12478167\" style=\"font-family:'Open Sans';font-weight:300;text-align:center;\"><span class=\"ultimate-ticker-prefix\">Porto is <\/span><div id=\"vticker-176044496069d2b12478167\" class=\"ultimate-vticker ticker fancytext-background-enabled \" style=\"color:#ffffff;background:#0088cc;\"><ul><li style=\"opacity:1\">incredibly<\/li><li style=\"opacity:0\">especially<\/li><li style=\"opacity:0\">extremely<\/li><\/ul><\/div><span class=\"ultimate-ticker-suffix\"> beautiful and fully responsive.<\/span><script type=\"text\/javascript\">\n\t\t\t\t\t\tjQuery(function($){\n\t\t\t\t\t\t\t\t$(\"#vticker-176044496069d2b12478167\").find(\"li\").css(\"opacity\",\"1\");\n\t\t\t\t\t\t\t\t$(\"#vticker-176044496069d2b12478167\")\n\t\t\t\t\t\t\t\t\t.vTicker(\n\t\t\t\t\t\t\t\t\t{\n\t\t\t\t\t\t\t\t\t\tspeed: 200,\n\t\t\t\t\t\t\t\t\t\tshowItems: 1,\n\t\t\t\t\t\t\t\t\t\tpause: 3000,\n\t\t\t\t\t\t\t\t\t\tmousePause : true,\n\t\t\t\t\t\t\t\t\t\tdirection: \"up\",\n\t\t\t\t\t\t\t\t\t}\n\t\t\t\t\t\t\t\t);\n\t\t\t\t\t\t});\n\t\t\t\t\t<\/script><\/h1>\n\t<div class=\"wpb_text_column wpb_content_element  featured lead\">\n\t\t<div class=\"wpb_wrapper\">\n\t\t\t<p style=\"text-align: center;\">Lorem ipsum dolor sit amet, consectetur adipiscing elit. Fusce elementum, nulla vel pellentesque consequat, ante nulla hendrerit arcu, ac tincidunt mauris lacus sed leo. vamus suscipit molestie vestibulum.<\/p>\n\n\t\t<\/div>\n\t<\/div>\n<\/div><\/div><\/div><\/div><\/div><div class=\"vc_row wpb_row vc_row-fluid\"><div class=\"porto-wrap-container container\"><div class=\"vc_row wpb_row vc_row-fluid\"><div class=\"vc_column_container vc_col-sm-12\"><div class=\"wpb_wrapper\"><div class=\"vc_empty_space\"  style=\"height: 35px\" ><span\n\t\tclass=\"vc_empty_space_inner\"><\/span><\/div>\n<div class=\"vc_row wpb_row vc_inner vc_row-fluid\"><div class=\"vc_column_container vc_col-sm-4\"><div class=\"wpb_wrapper\"><div class=\"aio-icon-component   style_1\"><div class=\"aio-icon-box left-icon\" style=\"\"  ><div class=\"aio-icon-left\"><div class=\"ult-just-icon-wrapper \"><div class=\"align-icon\" style=\"text-align:center;\">\n<div class=\"aio-icon advanced \"  style=\"color:#ffffff;background:#0088cc;border-style:;border-color:#333333;border-width:1px;width:35px;height:35px;line-height:35px;border-radius:500px;font-size:14px;display:inline-block;\">\n\t<i class=\"Defaults-group\"><\/i>\n<\/div><\/div><\/div><\/div><div class=\"aio-ibd-block\"><div class=\"aio-icon-header\"><h3 class=\"aio-icon-title\" style=\"color:#0088cc;\">Customer Support<\/h3><\/div> <!-- header --><div class=\"aio-icon-description\" style=\"\">Lorem ipsum dolor sit amet, consectetur adipiscing metus. elit. Quisque rutrum pellentesque imperdiet.<\/div> <!-- description --><\/div> <!-- aio-ibd-block --><\/div> <!-- aio-icon-box --><\/div> <!-- aio-icon-component --><\/div><\/div><div class=\"vc_column_container vc_col-sm-4\"><div class=\"wpb_wrapper\"><div class=\"aio-icon-component   style_1\"><div class=\"aio-icon-box left-icon\" style=\"\"  ><div class=\"aio-icon-left\"><div class=\"ult-just-icon-wrapper \"><div class=\"align-icon\" style=\"text-align:center;\">\n<div class=\"aio-icon advanced \"  style=\"color:#ffffff;background:#0088cc;border-style:;border-color:#333333;border-width:1px;width:35px;height:35px;line-height:35px;border-radius:500px;font-size:14px;display:inline-block;\">\n\t<i class=\"Defaults-film\"><\/i>\n<\/div><\/div><\/div><\/div><div class=\"aio-ibd-block\"><div class=\"aio-icon-header\"><h3 class=\"aio-icon-title\" style=\"color:#0088cc;\">Sliders<\/h3><\/div> <!-- header --><div class=\"aio-icon-description\" style=\"\">Lorem ipsum dolor sit amet, consectetur adipiscing elit. Quisque rutrum pellentesque imperdiet. Nulla lacinia iaculis nulla.<\/div> <!-- description --><\/div> <!-- aio-ibd-block --><\/div> <!-- aio-icon-box --><\/div> <!-- aio-icon-component --><\/div><\/div><div class=\"vc_column_container vc_col-sm-4\"><div class=\"wpb_wrapper\"><div class=\"aio-icon-component   style_1\"><div class=\"aio-icon-box left-icon\" style=\"\"  ><div class=\"aio-icon-left\"><div class=\"ult-just-icon-wrapper \"><div class=\"align-icon\" style=\"text-align:center;\">\n<div class=\"aio-icon advanced \"  style=\"color:#ffffff;background:#0088cc;border-style:;border-color:#333333;border-width:1px;width:35px;height:35px;line-height:35px;border-radius:500px;font-size:14px;display:inline-block;\">\n\t<i class=\"Defaults-rocket\"><\/i>\n<\/div><\/div><\/div><\/div><div class=\"aio-ibd-block\"><div class=\"aio-icon-header\"><h3 class=\"aio-icon-title\" style=\"color:#0088cc;\">Elite<\/h3><\/div> <!-- header --><div class=\"aio-icon-description\" style=\"\">Lorem ipsum dolor sit amet, consectetur adipiscing elit. Quisque rutrum pellentesque imperdiet. Nulla lacinia iaculis nulla.<\/div> <!-- description --><\/div> <!-- aio-ibd-block --><\/div> <!-- aio-icon-box --><\/div> <!-- aio-icon-component --><\/div><\/div><\/div><div class=\"vc_row wpb_row vc_inner vc_row-fluid\"><div class=\"vc_column_container vc_col-sm-4\"><div class=\"wpb_wrapper\"><div class=\"aio-icon-component   style_1\"><div class=\"aio-icon-box left-icon\" style=\"\"  ><div class=\"aio-icon-left\"><div class=\"ult-just-icon-wrapper \"><div class=\"align-icon\" style=\"text-align:center;\">\n<div class=\"aio-icon advanced \"  style=\"color:#ffffff;background:#0088cc;border-style:;border-color:#333333;border-width:1px;width:35px;height:35px;line-height:35px;border-radius:500px;font-size:15px;display:inline-block;\">\n\t<i class=\"Defaults-file-o\"><\/i>\n<\/div><\/div><\/div><\/div><div class=\"aio-ibd-block\"><div class=\"aio-icon-header\"><h3 class=\"aio-icon-title\" style=\"color:#0088cc;\">HTML5 \/ CSS3 \/ JS<\/h3><\/div> <!-- header --><div class=\"aio-icon-description\" style=\"\">Lorem ipsum dolor sit amet, consectetur adipiscing metus elit. Quisque rutrum pellentesque imperdiet.<\/div> <!-- description --><\/div> <!-- aio-ibd-block --><\/div> <!-- aio-icon-box --><\/div> <!-- aio-icon-component --><\/div><\/div><div class=\"vc_column_container vc_col-sm-4\"><div class=\"wpb_wrapper\"><div class=\"aio-icon-component   style_1\"><div class=\"aio-icon-box left-icon\" style=\"\"  ><div class=\"aio-icon-left\"><div class=\"ult-just-icon-wrapper \"><div class=\"align-icon\" style=\"text-align:center;\">\n<div class=\"aio-icon advanced \"  style=\"color:#ffffff;background:#0088cc;border-style:;border-color:#333333;border-width:1px;width:35px;height:35px;line-height:35px;border-radius:500px;font-size:14px;display:inline-block;\">\n\t<i class=\"Defaults-check\"><\/i>\n<\/div><\/div><\/div><\/div><div class=\"aio-ibd-block\"><div class=\"aio-icon-header\"><h3 class=\"aio-icon-title\" style=\"color:#0088cc;\">Icons<\/h3><\/div> <!-- header --><div class=\"aio-icon-description\" style=\"\">Lorem ipsum dolor sit amet, consectetur adipiscing metus. elit. Quisque rutrum pellentesque imperdiet.<\/div> <!-- description --><\/div> <!-- aio-ibd-block --><\/div> <!-- aio-icon-box --><\/div> <!-- aio-icon-component --><\/div><\/div><div class=\"vc_column_container vc_col-sm-4\"><div class=\"wpb_wrapper\"><div class=\"aio-icon-component   style_1\"><div class=\"aio-icon-box left-icon\" style=\"\"  ><div class=\"aio-icon-left\"><div class=\"ult-just-icon-wrapper \"><div class=\"align-icon\" style=\"text-align:center;\">\n<div class=\"aio-icon advanced \"  style=\"color:#ffffff;background:#0088cc;border-style:;border-color:#333333;border-width:1px;width:35px;height:35px;line-height:35px;border-radius:500px;font-size:14px;display:inline-block;\">\n\t<i class=\"Defaults-desktop\"><\/i>\n<\/div><\/div><\/div><\/div><div class=\"aio-ibd-block\"><div class=\"aio-icon-header\"><h3 class=\"aio-icon-title\" style=\"color:#0088cc;\">Lightbox<\/h3><\/div> <!-- header --><div class=\"aio-icon-description\" style=\"\">Lorem ipsum dolor sit amet, consectetur adipiscing elit. Quisque rutrum pellentesque imperdiet. Nulla lacinia iaculis nulla.<\/div> <!-- description --><\/div> <!-- aio-ibd-block --><\/div> <!-- aio-icon-box --><\/div> <!-- aio-icon-component --><\/div><\/div><\/div><\/div><\/div><\/div><\/div><\/div><div class=\"vc_row wpb_row vc_row-fluid vc_custom_1443098204118 section section-default\"><div class=\"porto-wrap-container container\"><div class=\"vc_row wpb_row vc_row-fluid\"><div class=\"vc_column_container vc_col-sm-6\"><div class=\"wpb_wrapper\"><div class=\"vc_empty_space\"  style=\"height: 15px\" ><span\n\t\tclass=\"vc_empty_space_inner\"><\/span><\/div>\n<h2 style=\"text-align: left\" class=\"vc_custom_heading\">Premium <strong>Features<\/strong><\/h2>\n\t<div class=\"wpb_text_column wpb_content_element  lead\">\n\t\t<div class=\"wpb_wrapper\">\n\t\t\t<p>Lorem ipsum dolor sit amet, consectetur adipiscing elit. Curabitur imperdiet hendrerit volutpat. Sed in nunc nec ligula consectetur mollis in vel justo. Vestibulum ante ipsum primis in faucibus orci.<\/p>\n\n\t\t<\/div>\n\t<\/div>\n\n\t<div class=\"wpb_text_column wpb_content_element \">\n\t\t<div class=\"wpb_wrapper\">\n\t\t\t<p>Lorem ipsum dolor sit amet, consectetur adipiscing elit. Curabitur imperdiet hendrerit volutpat. Sed in nunc nec ligula consectetur mollis in vel justo. Vestibulum ante ipsum primis in faucibus orci luctus et ultrices posuere cubilia Curae; Praesent scelerisque volutpat turpis, eu hendrerit enim scel. Vestibulum ante ipsum primis in faucibus orci luctus et ultrices posuere cubilia Curae; Praesent scelerisque volutpat turpis, eu hendrerit enim scel.<\/p>\n\n\t\t<\/div>\n\t<\/div>\n<\/div><\/div><div class=\"vc_column_container vc_col-sm-6\"><div class=\"wpb_wrapper\">\n\t<div class=\"wpb_single_image wpb_content_element vc_align_center\">\n\t\t<div class=\"wpb_wrapper\">\n\t\t\t\n\t\t\t<div class=\"vc_single_image-wrapper   vc_box_border_grey\"><img loading=\"lazy\" decoding=\"async\" width=\"600\" height=\"422\" src=\"http:\/\/meccamall.jo\/english2\/wp-content\/uploads\/2015\/01\/device-1.png\" class=\"vc_single_image-img attachment-full\" alt=\"\" srcset=\"http:\/\/meccamall.jo\/english2\/wp-content\/uploads\/2015\/01\/device-1.png 600w, http:\/\/meccamall.jo\/english2\/wp-content\/uploads\/2015\/01\/device-1-300x211.png 300w\" sizes=\"auto, (max-width: 600px) 100vw, 600px\" \/><\/div>\n\t\t<\/div>\n\t<\/div>\n<\/div><\/div><\/div><\/div><\/div><div class=\"vc_row wpb_row vc_row-fluid vc_custom_1443083685974\"><div class=\"porto-wrap-container container\"><div class=\"vc_row wpb_row vc_row-fluid\"><div class=\"vc_column_container vc_col-sm-3\"><div class=\"wpb_wrapper\"><div class=\"porto-content-box featured-boxes wpb_content_element \"><div class=\"featured-box featured-box-primary featured-box-effect-1\"><div class=\"box-content\" style=\"\"><i class=\"icon-featured fa fa-user\"><\/i>\n\t<div class=\"wpb_text_column wpb_content_element \">\n\t\t<div class=\"wpb_wrapper\">\n\t\t\t<h4 class=\"text-uppercase\"><span style=\"color: #0088cc;\">Loved by Customers<\/span><\/h4>\n<p>Donec id elit non mi porta gravida at eget metus. Fusce dapibus.<\/p>\n<p><a class=\"learn-more\" style=\"color: #0088cc;\" href=\"#\">Learn More <i class=\"fa fa-angle-right\"><\/i><\/a><\/p>\n\n\t\t<\/div>\n\t<\/div>\n<\/div><\/div><\/div><\/div><\/div><div class=\"vc_column_container vc_col-sm-3\"><div class=\"wpb_wrapper\"><div class=\"porto-content-box featured-boxes wpb_content_element \"><div class=\"featured-box featured-box-secondary featured-box-effect-1\"><div class=\"box-content\" style=\"\"><i class=\"icon-featured fa fa-book\"><\/i>\n\t<div class=\"wpb_text_column wpb_content_element \">\n\t\t<div class=\"wpb_wrapper\">\n\t\t\t<h4 class=\"text-uppercase\"><span style=\"color: #e36159;\">Well Documented<\/span><\/h4>\n<p>Donec id elit non mi porta gravida at eget metus. Fusce dapibus.<\/p>\n<p><a class=\"learn-more\" style=\"color: #e36159;\" href=\"#\">Learn More <i class=\"fa fa-angle-right\"><\/i><\/a><\/p>\n\n\t\t<\/div>\n\t<\/div>\n<\/div><\/div><\/div><\/div><\/div><div class=\"vc_column_container vc_col-sm-3\"><div class=\"wpb_wrapper\"><div class=\"porto-content-box featured-boxes wpb_content_element \"><div class=\"featured-box featured-box-tertiary featured-box-effect-1\"><div class=\"box-content\" style=\"\"><i class=\"icon-featured fa fa-trophy\"><\/i>\n\t<div class=\"wpb_text_column wpb_content_element \">\n\t\t<div class=\"wpb_wrapper\">\n\t\t\t<h4 class=\"text-uppercase\"><span style=\"color: #2baab1;\">Winner<\/span><\/h4>\n<p>Donec id elit non mi porta gravida at eget metus. Fusce dapibus.<\/p>\n<p><a class=\"learn-more\" style=\"color: #2baab1;\" href=\"#\">Learn More <i class=\"fa fa-angle-right\"><\/i><\/a><\/p>\n\n\t\t<\/div>\n\t<\/div>\n<\/div><\/div><\/div><\/div><\/div><div class=\"vc_column_container vc_col-sm-3\"><div class=\"wpb_wrapper\"><div class=\"porto-content-box featured-boxes wpb_content_element \"><div class=\"featured-box featured-box-quaternary featured-box-effect-1\"><div class=\"box-content\" style=\"\"><i class=\"icon-featured fa fa-cogs\"><\/i>\n\t<div class=\"wpb_text_column wpb_content_element \">\n\t\t<div class=\"wpb_wrapper\">\n\t\t\t<h4 class=\"text-uppercase\"><span style=\"color: #383f48;\">Customizable<\/span><\/h4>\n<p>Donec id elit non mi porta gravida at eget metus. Fusce dapibus.<\/p>\n<p><a class=\"learn-more\" style=\"color: #383f48;\" href=\"#\">Learn More <i class=\"fa fa-angle-right\"><\/i><\/a><\/p>\n\n\t\t<\/div>\n\t<\/div>\n<\/div><\/div><\/div><\/div><\/div><\/div><\/div><\/div><div class=\"vc_row wpb_row vc_row-fluid\"><div class=\"porto-wrap-container container\"><div class=\"vc_row wpb_row vc_row-fluid\"><div class=\"vc_column_container vc_col-sm-12\"><div class=\"wpb_wrapper\"><div class=\"porto-separator tall\"><hr class=\"separator-line  align_center\"><\/div><h2 style=\"text-align: left\" class=\"vc_custom_heading\">Latest <strong>Blog<\/strong> Posts<\/h2><div class=\"porto-recent-posts wpb_content_element \">    <div class=\"row\">\r\n        <div class=\"post-carousel owl-carousel\" data-cols-lg=\"4\" data-cols-md=\"3\" data-cols-sm=\"2\">\r\n            <div class=\"post-slide\">    <div class=\"post-item\">\r\n        <div class=\"post-date\">\r\n                <span class=\"day\">18<\/span>\r\n    <span class=\"month\">Oct<\/span>\r\n            <\/div>\r\n        <h4>\r\n            <a href=\"http:\/\/meccamall.jo\/english2\/705\/\">Mecca Mall<\/a>\r\n        <\/h4>\r\n        <p class=\"post-excerpt\">With the opening of Mecca Mall, Jordan witnessed its first mega mall.\r\n\r\nMecca Mall revolutionized the concept of shopping; through...  <a class=\"read-more\" href=\"http:\/\/meccamall.jo\/english2\/705\/\">read more <i class=\"fa fa-angle-right\"><\/i><\/a><\/p>    <\/div>\r\n<\/div><div class=\"post-slide\">    <div class=\"post-item\">\r\n        <div class=\"post-date\">\r\n                <span class=\"day\">09<\/span>\r\n    <span class=\"month\">Jun<\/span>\r\n            <\/div>\r\n        <h4>\r\n            <a href=\"http:\/\/meccamall.jo\/english2\/how-to-help-earn-budget-marketing-wedding-supplies\/\">How to Help Earn budget Marketing wedding Supplies<\/a>\r\n        <\/h4>\r\n        <p class=\"post-excerpt\">I'm not suggesting you have to spend a very single dollar on people leads. I choose and show your...  <a class=\"read-more\" href=\"http:\/\/meccamall.jo\/english2\/how-to-help-earn-budget-marketing-wedding-supplies\/\">read more <i class=\"fa fa-angle-right\"><\/i><\/a><\/p>    <\/div>\r\n<\/div><div class=\"post-slide\">    <div class=\"post-item\">\r\n        <div class=\"post-date\">\r\n                <span class=\"day\">09<\/span>\r\n    <span class=\"month\">Jun<\/span>\r\n            <\/div>\r\n        <h4>\r\n            <a href=\"http:\/\/meccamall.jo\/english2\/marketing-partnerski-i-reklama-z-blogami-zlota-ges\/\">Marketing partnerski i reklama z blogami: Z\u0142ota g\u0119\u015b?<\/a>\r\n        <\/h4>\r\n        <p class=\"post-excerpt\">Media te s\u0105 solidnym z\u0142otem, a ponadto jest to co\u015b, co du\u017ca wi\u0119kszo\u015b\u0107 ludzi, kt\u00f3rzy zwykle zacz\u0119li sie\u0107, \u017cyczy\u0142a...  <a class=\"read-more\" href=\"http:\/\/meccamall.jo\/english2\/marketing-partnerski-i-reklama-z-blogami-zlota-ges\/\">read more <i class=\"fa fa-angle-right\"><\/i><\/a><\/p>    <\/div>\r\n<\/div><div class=\"post-slide\">    <div class=\"post-item\">\r\n        <div class=\"post-date\">\r\n                <span class=\"day\">09<\/span>\r\n    <span class=\"month\">Jun<\/span>\r\n            <\/div>\r\n        <h4>\r\n            <a href=\"http:\/\/meccamall.jo\/english2\/archimedes-since-for-is-blank-to-as-space-4-how-e-make-money-doing-quasi-nothing\/\">Archimedes |. | Since | for | is | (Blank) | To | ~ | as |, | (Space) | 4. |:} How e Make Money Doing quasi Nothing<\/a>\r\n        <\/h4>\r\n        <p class=\"post-excerpt\">Ricorda che i clienti hanno la necessit\u00e0 che le persone normali visitino nuovamente il sito Web specifico, quindi molto...  <a class=\"read-more\" href=\"http:\/\/meccamall.jo\/english2\/archimedes-since-for-is-blank-to-as-space-4-how-e-make-money-doing-quasi-nothing\/\">read more <i class=\"fa fa-angle-right\"><\/i><\/a><\/p>    <\/div>\r\n<\/div><div class=\"post-slide\">    <div class=\"post-item\">\r\n        <div class=\"post-date\">\r\n                <span class=\"day\">09<\/span>\r\n    <span class=\"month\">Jun<\/span>\r\n            <\/div>\r\n        <h4>\r\n            <a href=\"http:\/\/meccamall.jo\/english2\/effective-service-systems\/\">Effective service Systems<\/a>\r\n        <\/h4>\r\n        <p class=\"post-excerpt\">Don't Limit. Your nothing but visiting stumble short whether or not you toss in the towel. Simple and easy....  <a class=\"read-more\" href=\"http:\/\/meccamall.jo\/english2\/effective-service-systems\/\">read more <i class=\"fa fa-angle-right\"><\/i><\/a><\/p>    <\/div>\r\n<\/div><div class=\"post-slide\">    <div class=\"post-item\">\r\n        <div class=\"post-date\">\r\n                <span class=\"day\">09<\/span>\r\n    <span class=\"month\">Jun<\/span>\r\n            <\/div>\r\n        <h4>\r\n            <a href=\"http:\/\/meccamall.jo\/english2\/le-schema-directeur-internet-business-sans-faille-pour-les-lignes\/\">Le sch\u00e9ma directeur Internet Business sans faille pour les lignes<\/a>\r\n        <\/h4>\r\n        <p class=\"post-excerpt\">Si les house sont capables de faire une vraie affaire par le biais des Seminoles pour mettre un hard...  <a class=\"read-more\" href=\"http:\/\/meccamall.jo\/english2\/le-schema-directeur-internet-business-sans-faille-pour-les-lignes\/\">read more <i class=\"fa fa-angle-right\"><\/i><\/a><\/p>    <\/div>\r\n<\/div><div class=\"post-slide\">    <div class=\"post-item\">\r\n        <div class=\"post-date\">\r\n                <span class=\"day\">06<\/span>\r\n    <span class=\"month\">Jun<\/span>\r\n            <\/div>\r\n        <h4>\r\n            <a href=\"http:\/\/meccamall.jo\/english2\/archimede-per-come-in-ordine-per-rendere-la-pasta-facendo-non-una-cosa\/\">Archimede per come in ordine per rendere la pasta facendo non una cosa<\/a>\r\n        <\/h4>\r\n        <p class=\"post-excerpt\">Per la maggior parte delle aziende in crescita, le vendite di successo si riducono alla gestione di fatti e...  <a class=\"read-more\" href=\"http:\/\/meccamall.jo\/english2\/archimede-per-come-in-ordine-per-rendere-la-pasta-facendo-non-una-cosa\/\">read more <i class=\"fa fa-angle-right\"><\/i><\/a><\/p>    <\/div>\r\n<\/div><div class=\"post-slide\">    <div class=\"post-item\">\r\n        <div class=\"post-date\">\r\n                <span class=\"day\">06<\/span>\r\n    <span class=\"month\">Jun<\/span>\r\n            <\/div>\r\n        <h4>\r\n            <a href=\"http:\/\/meccamall.jo\/english2\/business-copywriter-manipulate-the-straight-oneor-new\/\">Business Copywriter  manipulate The straight Oneor new!<\/a>\r\n        <\/h4>\r\n        <p class=\"post-excerpt\">WHO Captures THE Work for IMPORTANT Arrange BATTLES? So there is incredibly some request about what persons the starting...  <a class=\"read-more\" href=\"http:\/\/meccamall.jo\/english2\/business-copywriter-manipulate-the-straight-oneor-new\/\">read more <i class=\"fa fa-angle-right\"><\/i><\/a><\/p>    <\/div>\r\n<\/div><div class=\"post-slide\">    <div class=\"post-item\">\r\n        <div class=\"post-date\">\r\n                <span class=\"day\">06<\/span>\r\n    <span class=\"month\">Jun<\/span>\r\n            <\/div>\r\n        <h4>\r\n            <a href=\"http:\/\/meccamall.jo\/english2\/la-cle-de-la-promotion-internet-utile\/\">La cl\u00e9 de la promotion Internet utile<\/a>\r\n        <\/h4>\r\n        <p class=\"post-excerpt\">Sont-ils encore avec ma famille ou les clients sont-ils plus confus que dans le monde? La ligne de d\u00e9marcation...  <a class=\"read-more\" href=\"http:\/\/meccamall.jo\/english2\/la-cle-de-la-promotion-internet-utile\/\">read more <i class=\"fa fa-angle-right\"><\/i><\/a><\/p>    <\/div>\r\n<\/div>        <\/div>\r\n    <\/div>\r\n    <\/div><div class=\"vc_empty_space\"  style=\"height: 20px\" ><span\n\t\tclass=\"vc_empty_space_inner\"><\/span><\/div>\n<\/div><\/div><\/div><\/div><\/div>\n","protected":false},"excerpt":{"rendered":"Sont-ils encore avec ma famille ou les clients sont-ils plus confus que dans le monde? La ligne de d\u00e9marcation est souvent d\u00e9finie apr\u00e8s que tout a \u00e9t\u00e9 mis en place pour bien r\u00e9ussir un an. Je sais d\u00e9j\u00e0 tout ce qui se passe quand on avance, mais aussi qui sont tous les acteurs essentiels et [...]","protected":false},"author":277,"featured_media":0,"parent":12446,"menu_order":0,"comment_status":"open","ping_status":"closed","template":"","meta":{"ngg_post_thumbnail":0,"footnotes":""},"class_list":["post-12404","page","type-page","status-publish","hentry"],"_links":{"self":[{"href":"http:\/\/meccamall.jo\/english2\/wp-json\/wp\/v2\/pages\/12404","targetHints":{"allow":["GET"]}}],"collection":[{"href":"http:\/\/meccamall.jo\/english2\/wp-json\/wp\/v2\/pages"}],"about":[{"href":"http:\/\/meccamall.jo\/english2\/wp-json\/wp\/v2\/types\/page"}],"author":[{"embeddable":true,"href":"http:\/\/meccamall.jo\/english2\/wp-json\/wp\/v2\/users\/277"}],"replies":[{"embeddable":true,"href":"http:\/\/meccamall.jo\/english2\/wp-json\/wp\/v2\/comments?post=12404"}],"version-history":[{"count":0,"href":"http:\/\/meccamall.jo\/english2\/wp-json\/wp\/v2\/pages\/12404\/revisions"}],"up":[{"embeddable":true,"href":"http:\/\/meccamall.jo\/english2\/wp-json\/wp\/v2\/pages\/12446"}],"wp:attachment":[{"href":"http:\/\/meccamall.jo\/english2\/wp-json\/wp\/v2\/media?parent=12404"}],"curies":[{"name":"wp","href":"https:\/\/api.w.org\/{rel}","templated":true}]}}